a factor of 7363?
False
Is 2 a factor of 2731?
False
Is 15 a factor of 401?
False
Is 6528 a multiple of 34?
True
Is 1583 a multiple of 63?
False
Is 4 a factor of 133?
False
Does 8 divide 18085?
False
Does 44 divide 335?
False
Is 574 a multiple of 14?
True
Is 14 a factor of 239?
False
Is 5053 a multiple of 31?
True
Is 2625 a multiple of 5?
True
Is 8 a factor of 176?
True
Does 37 divide 2738?
True
Is 17 a factor of 1224?
True
Does 48 divide 7852?
False
Is 19322 a multiple of 72?
False
Is 54244 a multiple of 191?
True
Does 9 divide 3739?
False
Is 43 a factor of 935?
False
Does 5 divide 574?
False
Is 132 a multiple of 33?
True
Is 1170 a multiple of 13?
True
Is 48 a factor of 576?
True
Is 3 a factor of 2767?
False
Does 19 divide 38?
True
Is 13 a factor of 2691?
True
Is 52 even?
True
Is 34 a factor of 1972?
True
Is 2001 a multiple of 69?
True
Does 50 divide 2236?
False
Is 1306 a multiple of 36?
False
Is 151 a factor of 123820?
True
Does 96 divide 886?
False
Is 2111 a multiple of 8?
False
Is 232 a multiple of 8?
True
Is 9 a factor of 711?
True
Does 82 divide 23320?
False
Does 15 divide 8370?
True
Does 12 divide 900?
True
Is 3 a factor of 3345?
True
Is 13 a factor of 494?
True
Does 7 divide 308?
True
Is 1764 a multiple of 49?
True
Does 38 divide 836?
True
Is 11 a factor of 847?
True
Does 252 divide 22680?
True
Does 49 divide 833?
True
Does 46 divide 4846?
False
Is 19222 a multiple of 27?
False
Is 52471 a multiple of 137?
True
Does 19 divide 9959?
False
Is 23 a factor of 2047?
True
Is 19 a factor of 22852?
False
Does 4 divide 112?
True
Does 24 divide 4632?
True
Is 2816 a multiple of 19?
False
Is 171 a factor of 34647?
False
Does 19 divide 2508?
True
Does 9 divide 409?
False
Is 2952 a multiple of 36?
True
Does 22 divide 550?
True
Is 3675 a multiple of 25?
True
Is 4 a factor of 116?
True
Is 9 a factor of 10379?
False
Does 8 divide 5488?
True
Is 97 a factor of 194?
True
Is 362 a multiple of 10?
False
Is 42350 a multiple of 108?
False
Is 45 a factor of 57870?
True
Does 39 divide 1638?
True
Does 30 divide 8721?
False
Is 33 a factor of 2277?
True
Is 2 a factor of 238?
True
Does 15 divide 338?
False
Is 89 a factor of 36935?
True
Is 13 a factor of 290?
False
Is 12 a factor of 270?
False
Does 16 divide 2242?
False
Is 107 a multiple of 4?
False
Is 50 a factor of 10790?
False
Is 13 a factor of 2694?
False
Is 43 a factor of 903?
True
Does 18 divide 10458?
True
Is 20 a factor of 191?
False
Does 55 divide 1155?
True
Is 86 a factor of 87204?
True
Does 5 divide 1224?
False
Is 88 a factor of 88792?
True
Is 20 a factor of 43660?
True
Does 16 divide 1072?
True
Does 4 divide 450?
False
Is 4278 a multiple of 46?
True
Is 297 a multiple of 33?
True
Does 115 divide 5890?
False
Does 8 divide 240?
True
Is 46 a factor of 1840?
True
Is 10574 a multiple of 311?
True
Is 29196 a multiple of 36?
True
Does 30 divide 470?
False
Is 32 a factor of 5376?
True
Is 197 a multiple of 5?
False
Is 12 a factor of 1068?
True
Is 8 a factor of 825?
False
Does 39 divide 44421?
True
Is 160 a factor of 16320?
True
Is 21 a factor of 91536?
False
Is 1001 even?
False
Is 18 a factor of 450?
True
Is 2400 a multiple of 12?
True
Is 98 a multiple of 6?
False
Is 18989 a multiple of 5?
False
Is 60 a multiple of 5?
True
Is 56 a factor of 632?
False
Does 82 divide 8846?
False
Is 109 a factor of 3052?
True
Is 26 a factor of 3911?
False
Is 70021 a multiple of 77?
False
Is 14 a factor of 33866?
True
Is 56 a factor of 1064?
True
Is 49576 a multiple of 213?
False
Does 22 divide 30118?
True
Does 87 divide 1124?
False
Is 34 a factor of 2204?
False
Is 1890 a multiple of 45?
True
Is 200 a multiple of 8?
True
Is 4141 a multiple of 12?
False
Is 16 a factor of 624?
True
Does 30 divide 10868?
False
Is 31 a factor of 50?
False
Does 34 divide 18129?
False
Is 10 a factor of 5553?
False
Does 3 divide 1431?
True
Is 11130 a multiple of 35?
True
Is 27 a factor of 735?
False
Is 53 a factor of 24685?
False
Is 57364 a multiple of 18?
False
Does 61 divide 1525?
True
Is 8050 a multiple of 35?
True
Is 950 a multiple of 10?
True
Does 23 divide 2285?
False
Is 4404 a multiple of 3?
True
Is 4857 a multiple of 12?
False
Does 16 divide 12531?
False
Is 19 a factor of 923?
False
Is 14 a factor of 1057?
False
Is 20 a multiple of 5?
True
Is 1808 a multiple of 8?
True
Is 883 a multiple of 14?
False
Is 1677 a multiple of 5?
False
Is 163 even?
False
Does 15 divide 2055?
True
Does 35 divide 9695?
True
Does 42 divide 9298?
False
Is 501 a multiple of 7?
False
Is 271 a factor of 5962?
True
Is 1074 a multiple of 16?
False
Is 89 a factor of 7442?
False
Is 4 a factor of 4054?
False
Is 134 a factor of 27872?
True
Is 11 a factor of 627?
True
Does 21 divide 407?
False
Does 82 divide 524?
False
Is 17760 a multiple of 37?
True
Is 621 a multiple of 19?
False
Is 5 a factor of 15622?
False
Is 325 a multiple of 25?
True
Does 30 divide 330?
True
Is 2478 a multiple of 21?
True
Is 1176 a multiple of 6?
True
Is 14 a factor of 34342?
True
Is 596 a multiple of 60?
False
Is 19 a factor of 18449?
True
Is 210 a multiple of 42?
True
Is 3232 a multiple of 32?
True
Is 19 a factor of 42484?
True
Is 3 a factor of 627?
True
Does 40 divide 1270?
False
Is 10 a factor of 330?
True
Is 1835 a multiple of 83?
False
Is 17 a factor of 136?
True
Does 30 divide 111401?
False
Does 22 divide 1079?
False
Does 3 divide 738?
True
Is 9 a factor of 4890?
False
Does 15 divide 84?
False
Is 75 a factor of 2564?
False
Does 48 divide 616?
False
Does 221 divide 15588?
False
Is 18 a factor of 18?
True
Is 8 a factor of 1293?
False
Does 24 divide 8426?
False
Does 14 divide 14020?
False
Does 53 divide 2357?
False
Is 26321 a multiple of 18?
False
Is 44 a factor of 4444?
True
Is 3795 a multiple of 2?
False
Is 987 a multiple of 21?
True
Is 16713 a multiple of 17?
False
Is 49 a factor of 49343?
True
Is 31 a factor of 707?
False
Is 15 a factor of 9930?
True
Is 7343 a multiple of 19?
False
Is 14 a factor of 6990?
False
Does 42 divide 672?
True
Is 591 a multiple of 3?
True
Is 226 a multiple of 13?
False
Does 11 divide 6728?
False
Is 3 a factor of 21?
True
Does 38 divide 1300?
False
Does 12 divide 312?
True
Is 3195 a multiple of 9?
True
Is 4056 a multiple of 169?
True
Is 49 a factor of 196?
True
Is 160 a multiple of 10?
True
Is 1988 a multiple of 40?
False
Is 17761 a multiple of 93?
False
Is 2228 a multiple of 22?
False
Is 2353 a multiple of 11?
False
Is 138 a multiple of 13?
False
Is 37 a factor of 1517?
True
Is 870 a multiple of 30?
True
Does 85 divide 2056?
False
Does 8 divide 232?
True
Does 60 divide 856?
False
Does 38 divide 2318?
True
Is 5994 a multiple of 111?
True
Is 40 a factor of 26850?
False
Is 38 a factor of 13376?
True
Does 8 divide 376?
True
Is 14070 a multiple of 30?
True
Does 106 divide 2862?
True
Is 130464 a multiple of 288?
True
Is 71 a factor of 3002?
False
Is 12 a factor of 711?
False
Is 946 a multiple of 20?
False
Is 196 a multiple of 3?
False
Does 26 divide 20739?
False
Is 13 a factor of 1344?
False
Is 24 a factor of 9048?
True
Is 33 a factor of 10399?
False
Does 16 divide 512?
True
Is 4 a factor of 21656?
True
Is 6 a factor of 86?
False
Is 38 a factor of 33782?
True
Is 115 a multiple of 23?
True
Is 151 a multiple of 54?
False
Is 55 a factor of 220?
True
Is 55 a factor of 8195?
True
Is 25 a factor of 300?
True
Is 4060 a multiple of 4?
True
Does 64 divide 8238?
False
Does 26 divide 11310?
True
Is 51 a factor of 823?
False
Is 33 a factor of 1221?
True
Is 4075 a multiple of 163?
True
Is 11452 a multiple of 14?
True
Is 15 a factor of 9765?
True
Is 98 a factor of 5586?
True
Does 51 divide 1676?
False
Is 39 a factor of 10988?
False
Does 9 divide 20331?
True
Does 13 divide 12612?
False
Is 1115 a multiple of 43?
False
Is 4 a factor of 72?
True
Is 3 a factor of 309?
True
Is 5 a factor of 1965?
True
Is 3479 a multiple of 100?
False
Is 9 a multiple of 2?
False
Is 282 a multiple of 6?
True
Does 19 divide 6270?
True
Is 3135 a multiple of 15?
True
Is 172 a factor of 44548?
True
Is 6290 a multiple of 34?
True
Does 6 divide 7236?
True
Does 9 divide 3035?
False
Is 37 a factor of 2627?
True
Does 23 divide 46?
True
Is 2 a factor of 259?
False
Is 14 a factor of 1778?
True
Is 103 a factor of 1896?
False
Is 58 a multiple of 12?
False
Does 46 divide 920?
True
Is 1442 a multiple of 69?
False
Is 1363 a multiple of